= -q(y) - 4*w(y). Let u(g) = -g**3 + 10*g**2 - g + 12. Let n be u(10). Is z(n) a composite number?
False
Let r(p) = -p**2 - 12*p. Let i be r(-12). Suppose i = 2*t - 6, t - 1967 = -5*h + 2121. Is h a prime number?
False
Let j(g) = -11*g - 9*g - 3 - 8. Is j(-8) composite?
False
Suppose -4*t = -2*f, -2*t - t - 3 = -3*f. Let r(z) be the second derivative of 3*z**5/5 - z**4/12 + z**3/3 + z**2/2 + 2*z. Is r(f) a prime number?
True
Let r = 4 - 1. Let f(o) = -6*o + 1. Let h(v) = v**2 - 5*v + 1. Let i(q) = -2*f(q) + 3*h(q). Is i(r) prime?
True
Let o = 240 + -127. Let k = o - 60. Is k prime?
True
Let n(z) = 22*z**2 + 4*z + 1. Let q be n(-3). Suppose 0 = -5*b - 3*o + 952, -2*b - 4*o + q = -b. Is b a prime number?
True
Let i(l) = -l**3 + 6*l**2 + 3*l - 9. Let j be i(6). Suppose -k = 3 - j. Is k prime?
False
Let o(h) = h - 1. Let r be o(3). Is 339*(r + 10/(-6)) a prime number?
True
Let c(p) = -3*p - 3. Let z be c(-2). Suppose 4*q = z*q. Suppose 31 = -q*f + f. Is f prime?
True
Let w = 413 + -195. Suppose 0*d - w = -2*d. Is d a prime number?
True
Let t be (5 - 3) + -3 + 13. Suppose -2*h + 14 = -h - 3*q, -4*q = 16. Suppose -3*x + 4 = g, 2*g + 4 = h*x - t. Is x a prime number?
True
Let z(f) = 91*f**3 + 3. Is z(2) prime?
False
Let p = -684 - -1057. Is p prime?
True
Is 539 - (-3 - -3) - (-3 + 1) composite?
False
Let x = -3 + 4. Let t = 3 - x. Is (62/3)/(t/3) composite?
False
Let o = 158 + -78. Suppose i = 5*i - o. Suppose -4*w + i = l - 2*l, -3*w + 3*l + 6 = 0. Is w a composite number?
True
Let u = 68 - 44. Is (-3046)/(-12) + 4/u composite?
True
Suppose -13*o + 6*o = -4613. Is o prime?
True
Suppose -3*b + 4 = -5*b, 0 = -5*k + 4*b + 1293. Is k composite?
False
Suppose 7*k + 374 = 2*q + 3*k, 0 = -5*q + 5*k + 930. Is q prime?
False
Let s(t) = -3*t + 4. Let v be s(-3). Suppose n + v = 64. Is n a composite number?
True
Let f = 2755 - 1194. Is f composite?
True
Suppose -s - 3*s - 100 = 0. Let b = -3 - s. Let g = b + 69. Is g prime?
False
Let j(z) be the second derivative of z**3/6 + 5*z**2 - 3*z. Let l be j(-7). Suppose 4*x + h - 508 = 0, 6*x + l*h = 3*x + 381. Is x a composite number?
False
Let x(t) = -150*t - 13. Is x(-8) prime?
True
Suppose -5*w + 13 = -3*v, 5*v + 1 = -4*w + 4. Let d be ((-6)/(-3) + -2)/v. Suppose d = -2*p - 5*a + a + 34, 0 = 3*p - 4*a - 1. Is p a prime number?
True
Let v(l) = 340*l + 2. Let i be v(3). Is (11/22)/(1/i) a composite number?
True
Suppose 4*x - 589 = -3*h, -3*h - x - 4*x + 593 = 0. Is h prime?
True
Let d = -37 - -23. Let m be (-35)/3*12/4. Let l = d - m. Is l prime?
False
Suppose 11*v - 7355 = 6*v. Is v composite?
False
Suppose -7 = -y + 5*y + 3*o, 3*y + 5*o = -19. Suppose -2*q - y*q = 16. Is q/(-10) + (-93)/(-5) prime?
True
Let v(b) = 102*b**2 + 2*b + 15. Is v(4) a composite number?
True
Let g(b) = -b - 6. Let y(n) = 3*n + 11. Let a(z) = -5*g(z) - 2*y(z). Let q be a(6). Suppose -3*c - 1 = w - 2*c, -4*w - q*c + 4 = 0. Is w composite?
False
Suppose -3*y = -2*y - 5. Is (-36)/(-5) + (-1)/y prime?
True
Suppose -74 = k + k. Let o = 60 + k. Is o a composite number?
False
Suppose 0 = -2*c + 2956 - 1178. Is c prime?
False
Let f(r) = 16*r - 1. Is f(2) prime?
True
Let i = 70 - -92. Let d = -246 + i. Let z = -19 - d. Is z a composite number?
True
Is ((-861)/28)/(6/(-40)) a prime number?
False
Let c be (-25)/(-35) - (-4)/14. Let a be (3 - c) + (1 - 2). Is a*((-66)/(-2) - 0) a prime number?
False
Let m(a) = 1057*a + 18. Is m(5) composite?
False
Let z(y) = -3*y - 1. Let r be z(-2). Let a be (-2)/(-5) - (-43)/r. Suppose -b + a = -0*b. Is b a prime number?
False
Let d be (2/(-3))/(4/(-30)). Let g = -3 + d. Suppose 0 = -j - g*j + 117. Is j prime?
False
Suppose 3*s = w + 3, -4*s + 3*w + 2 = 3. Suppose s*z + 5*l - 8 = 0, -3*z = -l - l - 50. Is z prime?
False
Suppose 0 = -4*w - o + 361, 3*w - 3*o - 18 = 234. Is w a composite number?
False
Suppose 0*t - 4303 = -t. Is t a prime number?
False
Suppose -3*p = 1 + 2. Let f = -4 + p. Let y(k) = -7*k - 4. Is y(f) a composite number?
False
Is (9 - 4 - -4436)/1 a composite number?
False
Suppose 2*c = -l, -3*l + l = 2*c - 6. Let d = l - 3. Suppose r + d*p - 86 = -0*p, 87 = r + 4*p. Is r prime?
True
Suppose -8*i = -1933 + 317. Is i composite?
True
Let n(k) = 74*k**2 - 3. Is n(-5) prime?
True
Let d(k) = 1. Let j(u) = 3*u - 6. Let r(n) = -12*d(n) - 3*j(n). Suppose h + h = -10. Is r(h) a composite number?
True
Let d(x) = -x**2 + 1. Let f be d(2). Is 79*f/(-1 + -2) a prime number?
True
Let k(y) = 7*y**2 - 2*y + 29. Is k(4) a prime number?
False
Let z = -331 - -726. Is z a prime number?
False
Let r = -733 + 1476. Is r a composite number?
False
Let a(x) = -319*x - 3. Is a(-2) composite?
True
Suppose 0 = -2*l + 1 + 5, -5*r + 5*l = -60. Is r a composite number?
True
Let o = -5 + 5. Is (-1)/(-1)*(o + 59) prime?
True
Suppose -5*j - 4 = q, 2*j + 1 = -q - 0. Suppose -2 = -l + q. Suppose 0 = -3*d - 12, 2*r + 2*d = l*r - 171. Is r composite?
False
Let p be (0 + 0 + -3)*3. Is 184/6 + (-3)/p a prime number?
True
Let o(u) = -6*u - 5. Let t(i) = -i**2 - 2 - 1 + 5*i**3 - i + 2. Let d be t(-1). Is o(d) a composite number?
False
Suppose 3*k = -3*k + 1266. Is k prime?
True
Let p(c) = 2*c - 3*c + 0 - 3. Let s be p(-7). Suppose -s = -g + 3. Is g composite?
False
Let w(c) = 31*c + 10. Is w(3) a composite number?
False
Suppose 4*b - 134 = 2*i - 20, 39 = b + 3*i. Let l be b/(-4) + (-6)/4. Is (-128)/l - 8/36 a prime number?
False
Suppose 4*i - 312 = 196. Is i a composite number?
False
Let f be ((-2)/2)/(2/(-16)). Suppose 0 = f*u - 3*u - 815. Is u a composite number?
False
Suppose -5*c - 5 = 0, 2*v - 4*c - 898 = v. Suppose 5*o + 119 = v. Is o a composite number?
True
Suppose 2*f - 1 + 5 = 2*p, 2*p - 5*f + 2 = 0. Suppose -p*a + 86 = -926. Is a a composite number?
True
Let u(v) = v**2 - 11*v + 13. Let w be u(10). Suppose -f - 4*o = w + 10, -3*f - o = -16. Is f a prime number?
True
Let q = 1607 - 918. Is q a prime number?
False
Suppose -j + 0*j = 1. Let f = 5 - j. Is f prime?
False
Let m(h) = -h**3 + 9*h**2 - h + 10. Let k be m(9). Is k*(-2 + 12)*1 a prime number?
False
Let k = -32 + 69. Is k a prime number?
True
Let n be (-62)/(-22) - 12/(-66). Suppose 2*f - 5*u = -0*u - 35, 5*f + 5*u + 35 = 0. Let z = n - f. Is z prime?
True
Suppose -4*y = -j - j - 6846, y - 1707 = -4*j. Is y prime?
False
Let b(a) = -146*a + 21. Is b(-13) a prime number?
False
Let h = 407 + -224. Let t be h/21 - 2/(-7). Suppose v = 28 + t. Is v a composite number?
False
Let w(k) = -3*k + 5*k**2 + 6*k - 3*k**2 + 5 - k. Is w(6) a composite number?
False
Let w = -81 + 472. Is w a prime number?
False
Suppose -4*b - 2*f + 611 = 3*f, 0 = 2*b + 4*f - 298. Let o be 258/54 + (-4)/(-18). Suppose -3*p = -5*a + 4*a - 109, -o*p - 4*a = -b. Is p composite?
True
Let t be 70/8 + 6/(-8). Suppose -k - t = -59. Is k a prime number?
False
Let t(u) = -88*u + 3. Let p be (0 - -10)/(4/(-2)). Is t(p) a prime number?
True
Suppose 2*h - 218 = -3*v, 5 = -7*h + 6*h. Let t = 110 - v. Is t composite?
True
Let a(n) be the second derivative of -1/12*n**4 - 5*n**2 + 0 + n - 2*n**3. Is a(-10) prime?
False
Let g be -6*((-4)/2)/6. Suppose -96 = -2*d + g*y, -2*d = -d + y - 58. Is d a prime number?
True
Let p = 0 - -6. Suppose -5 = w + p. Let c = 0 - w. Is c composite?
False
Let j(w) = w**2 - 1. Let s be j(-1). Suppose 5*t - 1089 - 1091 = s. Suppose 4*b + 71 = -5*p + t, -4*p = -3*b + 297. Is b a prime number?
False
Let p(h) = h**2 + 5*h + 2. Is p(-5) a composite number?
False
Suppose 3*x - 6 - 42 = 0. Is -1 - -180 - (x - 14) composite?
True
Is 2 - 6 - ((0 - -2) + -293) prime?
False
Let j(t) = 39*t + 1. Let a be 3 - -4*(-3)/12. Is j(a) a composite number?
False
Let q = 21 + -13. Suppose -n + 27 = -5*z, -19 = 3*n - q*n - 4*z. Is n composite?
False
Suppose -20*d + 19*d - 521 = 0. Let f = d - -742. Is f a composite number?
True
Let d(a) = 10*a**2 + a - 1. Suppose 0 = -3*c - 2*c + 20. Is d(c) a prime number?
True
Suppose -6*n = -4*n - 178. Is n a composite number?
False
Let z = -21 + 17. Is (7 + -5)*(-674)/z composite?
False
Let p(b) = b - 1. Let v(c) = -19*c + 6. Let z(g) = -p(g) - v(g). Is z(4) prime?
True
Suppose -3*v + 1201 - 88 = 3*l, -1484 = -4*v - l. Is v a prime number?
False
Suppose 0 = 5*u + 3*s - 2*s - 7044, 1413 = u - 4*s. Is u a prime number?
True
Let r = 949 + -508. Let w = r + -278. Is w a prime number